 7*n + 4. Let z(d) = -6*d - 3. Let o(h) = -2*v(h) - 3*z(h). Determine o(-1).
-3
Suppose -5*z - 19 = -3*x, 5*x + 0*z - 17 = z. Let s(i) = 6*i**2 - i - 7. Let t(l) = -7*l**2 + l + 8. Let v(o) = -6*s(o) - 5*t(o). What is v(x)?
-4
Let a(w) be the first derivative of -1/4*w**4 - w**3 + 3/2*w**2 + 3 - 3*w. Give a(-4).
1
Let t(w) = -5*w**3 + 2*w + 1. Let i be t(-1). Let c(u) = u. Let h(j) = -5*j + 5. Let l(a) = 3*c(a) + h(a). Determine l(i).
-3
Let z(v) = v**3 + 4*v**2 - 7*v - 7. Let d(a) = -a**2 - 3*a + 5. Let u be d(-5). What is z(u)?
3
Let n(l) = -l**3 + 5*l**2 + 2. Suppose 0*t = -2*t + 4. Suppose -19 = -t*h - 9. What is n(h)?
2
Let i(s) = -3*s**2 - s + 1. Let n = 3 + -3. Suppose 0*a - 2*a - 4 = n. Calculate i(a).
-9
Let a(s) = -s - 9. Let q(z) = 2*z - 1. Let g = 4 - 6. Let v be q(g). Give a(v).
-4
Let h be (0 + 2 - 1) + 1. Let c be 3 + (-3)/((-3)/h). Let q(j) = -j**2 + 4*j + 2. Calculate q(c).
-3
Let f(v) be the third derivative of -v**5/60 + v**4/4 - 7*v**3/6 - 2*v**2 + 5*v. Let q be (-2)/(-4) - (-11)/2. Give f(q).
-7
Let s(q) = q - 2. Let z be s(4). Let n(h) = 2 - h + 2 - z*h. Determine n(3).
-5
Let p(a) = a - 2. Let n be 2/(-5) + (-258)/30. Let l = n + 5. Determine p(l).
-6
Let q(c) be the first derivative of c**2/2 + 6*c + 6. Calculate q(-11).
-5
Let s(o) be the first derivative of o**4/4 + 2*o**3 + 2*o**2 - 2. Suppose 2*a - 4 = a. Let t be 34/(-6) - a/(-6). Calculate s(t).
5
Suppose 0 = -o - 3*w - 13, -5*o = w + 4*w + 15. Suppose -x + 6 = 4*z, z - 5*z - o = -3*x. Let y(t) = -9*t**2. What is y(z)?
-9
Let t(y) = y. Let f(p) = -4*p. Let a(o) = -2*f(o) - 9*t(o). Determine a(-5).
5
Let m(c) = c**2 - 7*c - 14. Let s(z) = -1. Let x(y) = -m(y) + 3*s(y). Let f be x(9). Let o(b) = -b**2 - 7*b + 6. Calculate o(f).
6
Let q be (1/(-2) - 2)*-2. Suppose -5*s = 4*n - 16, 4*s + n = q*n - 16. Let u(x) be the second derivative of x**3/6 + 3*x**2/2 - x. Determine u(s).
3
Let l(z) = z**3 - 3*z**2 + 4*z + 1. Let i be l(2). Let g(n) = -5*n**2 - 15*n + 11. Let f(q) = 3*q**2 + 10*q - 7. Let c(p) = -8*f(p) - 5*g(p). Determine c(i).
1
Let v(b) = -b**3 - 3*b**2 + 4*b + 1. Suppose 16*d = 18*d. Suppose d = 16*y - 20*y - 16. Determine v(y).
1
Let q(w) = 2*w - 6 - w**2 + 5*w - w. Let v be 7 - (1 - 8/((-8)/2)). What is q(v)?
2
Let a(g) = 2*g - 4. Let p be a(3). Let k be 4 + (1 - p) + 0. Let j(o) = -o**2 + 2*o + 3. What is j(k)?
0
Let z(v) = 2. Let f(t) = t + 2. Let d(n) = 2*f(n) + 2*z(n). Calculate d(-6).
-4
Let n = 7 + -9. Suppose 0 = -3*s + 10 - 4. Let p(j) = 3 - 3*j + j**s - 1 - 4. What is p(n)?
8
Let y(t) be the second derivative of -t**3/6 + t**2/2 - 14*t. Determine y(-4).
5
Let f(i) be the third derivative of i**6/30 - i**3/6 - 22*i**2. Determine f(1).
3
Suppose 4*r - 3*l - 66 = 0, 0 = -4*r + 2*l - 7*l + 50. Let m(f) = r + f**3 + 0*f**3 - 15 - f. Calculate m(-1).
0
Let k(o) = 6*o - 3. Let z be 64/34 - (-26)/221. Calculate k(z).
9
Let r(y) = -y + 2. Suppose 0 = 4*w - x - 49, -w + 3*w + 3*x = 21. Suppose 0 = -0*n - 3*n + w. Calculate r(n).
-2
Let j(p) be the third derivative of -p**5/60 - p**4/6 + p**3/2 - p**2. Let t = 4 + -8. Give j(t).
3
Let j(s) = -s + 6. Let o be j(5). Let t be ((-2)/6)/(o/(-6)). Suppose -2*z = -t*p, p - 4*z = -4*p + 1. Let k(a) = 3*a**3 + a**2 - 2*a + 1. Determine k(p).
3
Let l(o) = -o**3 - o**2 - o. Let h(t) = -4*t**3 - 10*t**2 - 3*t + 3. Let y(p) = h(p) - 3*l(p). What is y(-7)?
3
Let q be (3 + -2)/(2/10). Suppose r + 0*r = 1. Let p be q*(2 - 1)*r. Let x(m) = -m**3 + 6*m**2 - 3*m - 5. What is x(p)?
5
Let p(u) = -u**3 + 5*u**2 - 2. Let z(t) = -3*t + 62. Let a be z(19). Calculate p(a).
-2
Suppose -2 = k + 3. Let v be (-5 - -2) + -1*6. Let r = v - k. Let q(d) = -d - 5. Calculate q(r).
-1
Let x be (-30)/(-9) + (-1)/3. Let s(f) = -5*f + 4. Determine s(x).
-11
Let k be 32/(-6)*3/2. Let g be 28/k - (-1)/2. Let m(t) be the first derivative of -t**2/2 - t - 2. Give m(g).
2
Let t(c) = -c**3 + 4*c**2 - 2*c - 4. Suppose -7*g + 22 = 1. Calculate t(g).
-1
Suppose -4*q - 4*d = -3*q - 11, -5*d + 30 = -2*q. Let y(g) = g - 8. Let n(o) = 2*o - 9. Let w(u) = 2*n(u) - 3*y(u). Determine w(q).
1
Let z(v) be the third derivative of -v**4/24 - 2*v**3/3 + 32*v**2. Determine z(3).
-7
Let r(h) = h**3 - 4*h**2 + 3*h - 3. Suppose -197 - 48 = 5*s. Let f be (-161)/s - (-4)/(-14). Calculate r(f).
-3
Let q be 20/(-550)*5 + 114/22. Let c(i) = -i**2 + 3. What is c(q)?
-22
Let y(l) = l**2 - 6*l - 11. Let b be y(7). Let w(f) = -3*f**2 - 2*f + 18. Let m(u) = -2*u**2 - u + 12. Let p(g) = -8*m(g) + 5*w(g). Give p(b).
18
Let j(l) = l**3 - 5*l**2 + 2*l - 4. Let m(n) = 5*n**3 - 24*n**2 + 11*n - 20. Let k(d) = -11*j(d) + 2*m(d). What is k(7)?
4
Let l(m) = 2*m**2 - 4*m + 3. Suppose 2*d + 6 = 5*d. Give l(d).
3
Let x(n) be the second derivative of -n**5/20 - n**4/12 - n**3/6 - 3*n**2 + 18*n. Suppose -2*b = -0*b. Give x(b).
-6
Let x be 3*(-1)/2*-2. Suppose -6 = x*h - 21. Let m(u) be the third derivative of u**5/60 - 7*u**4/24 + u**3/2 + 3*u**2. Give m(h).
-7
Let r(h) = -h**3 + 6*h**2 - h + 3. Let c be -1*-3*(-6)/9. Let v be ((-24)/(-20))/(c/(-10)). Calculate r(v).
-3
Let d = -10 + 14. Suppose -p = d*p. Let i(j) = -j - 1. Determine i(p).
-1
Let l be -1 - (-1 - 3) - 0. Let r(z) = -z**3 - 3*z**2 - 1. Let h(q) = -4*q**3 - 7*q**2 + 5*q - 5. Let m(a) = -h(a) + 3*r(a). Determine m(l).
-4
Let s(b) = -b. Suppose 4*c - 6 = -3*o + o, -5*c - 25 = -4*o. Let a(x) = 4*x**2 + 2*x**2 + 4*x - 3*x. Let q be a(c). Calculate s(q).
-5
Let y(j) be the first derivative of -j**6/120 - j**5/10 - j**3 - 7*j**2/2 + 2. Let a(o) be the second derivative of y(o). What is a(-6)?
-6
Let i(y) = -y**2 - y + 1. Suppose 0 = -3*v - 7 - 2. Determine i(v).
-5
Let o = 3 - 1. Let y(s) = -3*s**3 + s**o + 1 + 2*s - s + 0*s. Let t be y(-1). Let f(k) = -k**2 + 4*k - 1. What is f(t)?
-1
Let u(p) = -2*p. Let b(q) = -4*q**3 - q**2 + q. Let s be b(1). Give u(s).
8
Let d(y) = -y + 7. Let k(m) = -2*m + 15. Let b(w) = -9*d(w) + 4*k(w). Calculate b(3).
0
Let y(m) = 2*m**3 + 10*m**2 + 5*m - 21. Let l(n) = -n**3 - 5*n**2 - 2*n + 10. Let w(i) = -7*l(i) - 3*y(i). Calculate w(-5).
-2
Let g(j) = 8*j**3 + 5*j**2 + 17*j + 13. Let x(o) = -7*o**3 - 5*o**2 - 15*o - 12. Let k(s) = -6*g(s) - 7*x(s). What is k(-5)?
-9
Let o(g) be the first derivative of g**2/2 - g + 37. Give o(-3).
-4
Let g(l) = l**2 + 10*l + 11. Let u be (-1 - -7)*6/(-4). Let f be g(u). Let k(p) = 4*p**2 - 3*p + 2. Give k(f).
12
Suppose 3 = 2*k - w, -2*w - 3*w = -15. Suppose 0*v - 3*z = -k*v - 6, 2*v + z = -13. Let h(j) = -j**2 - 3*j + 4. Give h(v).
-6
Let k(o) = -o**3 + 4*o**2 + 3*o - 6. Suppose 1 = 3*n - 2*q - 8, -4*q - 13 = -n. Let b be (12*n)/4 - -1. What is k(b)?
6
Let o(b) = -b + 9. Let p(m) = 3*m**2 - 4*m - 3. Let n be p(-2). Let x be (-1 - -2)*n*-1. Let g = -12 - x. Give o(g).
4
Let v = -17 - -29. Suppose -11*a = -v*a - 4. Let c(y) = y**2 + 2*y - 2. What is c(a)?
6
Let f = -24 - -18. Let d(t) be the third derivative of -t**4/24 - t**3/6 - 4*t**2. Determine d(f).
5
Let g(t) be the first derivative of t**2/2 - 3*t + 7. Let d(u) = 1. Let f(r) = r - 1. Let z(j) = -d(j) - 2*f(j). Let o be z(-2). Give g(o).
2
Let f be (-60)/14 + 4/14. Let z(b) = -8*b - 1 - b**3 + 2*b - 6*b**2 + b**2 + 3*b. Determine z(f).
-5
Let p be ((-13)/((-26)/(-8)))/(2 - 3). Let z(n) be the second derivative of n**3/6 - 3*n**2/2 + n. Calculate z(p).
1
Let b(a) = -5*a**2 + 9*a + 2. Let k(t) = -15*t**2 + 26*t + 5. Let h(c) = -8*b(c) + 3*k(c). Let d(i) = -4*i**2 + 6*i. Let j(y) = 4*d(y) - 3*h(y). Determine j(6).
3
Let w(l) = -l**3 + 6*l**2 - 4*l - 1. Let s be 5/1 + (-2)/2. What is w(s)?
15
Let x = -92 + 86. Let a(m) = m**2 + 8*m + 3. Give a(x).
-9
Let u(j) = j. Let v = -20 + 16. What is u(v)?
-4
Let f(l) = -3*l - 1 - 1 + 3 + 0. Let z(i) = i + 6. Let b be z(-5). Determine f(b).
-2
Let u(v) = -v + 10. Let q be u(5). Let i(f) = 3*f + 0 - q*f + 1 - 2. Calculate i(-2).
3
Let d(f) be the first derivative of -f**3/3 - 4*f**2 - 3*f + 6. Calculate d(-4).
13
Let v(l) = l**3 - 3*l**2 - 2*l - 5. Suppose 2*p - 5*x = -2*p + 1, 2*p + 1 = 3*x. Suppose p*m - 20 = -m. Determine v(m).
3
Let u(s) be the second derivative of s**4/4 - s**2/2 + 2*s. Determine u(2).
11
Let o = 2 + 0. Let c(h) be the first derivative of -1 + 0 + 2*h**o + 2. Determine c(-1).
-4
Suppose -1 = 5*y - 4*f - 6, 4*y - 5 = 3*f. Let a(m) be the third derivative of -m**